 + 2 - 1 - (5 + 0).
-5
What is the value of 0 + (-4 - -3 - -4)?
3
What is 5 - ((4 - (-5 - -3)) + -5)?
4
What is the value of 4 + -2 + -5 + 0 - 0?
-3
What is the value of 4 + (-5 - -14 - 17)?
-4
What is the value of 2 + (-5 - -7 - 0 - 3)?
1
What is -6 - (-4 + (-3 - (-5 + -3)))?
-7
Evaluate -7 + 3 + 4 + -4.
-4
-1 - 1 - -5 - 8 - -8
3
Calculate -5 + (5 - (6 + -4 + -1)).
-1
Evaluate (3 - -4) + -1 - 7 - 6.
-7
What is 0 - (-4 - (-1 + -4))?
-1
What is (9 - 13) + 0 + 0?
-4
(4 - (-7 - -13)) + 5
3
Evaluate -2 + 1 + (1 - -1).
1
Calculate 2 - (-3 + (6 - (-2 + -3))).
-6
What is the value of 3 - (-4 - (-2 + 2 + -2))?
5
Calculate 5 + (1 + -5 - 3) - -3.
1
Calculate -1 + (2 - (2 + 4)).
-5
Evaluate -7 + (3 - -2) - -2 - -2.
2
What is 3 + (-7 + 3 - -8) + -4?
3
Calculate 3 - (0 - (0 + -3)) - 4.
-4
What is the value of -9 - -8 - 4 - (1 - 3)?
-3
Evaluate (0 + 0 - 0) + (3 - -1).
4
What is the value of 1 - (0 + 6 - (-33 + 36))?
-2
Calculate 6 + (9 + -24 - -7).
-2
Evaluate 7 + (-10 - (-5 + 0)).
2
0 + 3 + -2 + -1 + 0
0
-7 + -1 + (43 - 26) + -3
6
-11 - -9 - (4 - 5)
-1
-5 + (4 - (-2 - (-16 - -6)))
-9
Evaluate -1 + 1 + -2 + (0 - 0).
-2
Calculate -6 - 5 - (3 + -1 + -6).
-7
Evaluate 16 - 11 - (2 - (-2 - 0)).
1
Calculate 20 + (-10 - -3) + -2 + -3.
8
Evaluate 21 - 35 - (-18 + 1).
3
Evaluate -8 + 4 + -2 + 3 + -2.
-5
What is the value of -3 - 2 - (10 - 1 - 20)?
6
Evaluate 8 + -2 + (1 - -1) - 4.
4
(-2 - -1) + -5 - -4
-2
What is the value of 0 + -4 - (40 + -42)?
-2
What is 3 - (5 + (-4 - -2)) - -5?
5
What is the value of -4 + (7 + 5 + -6 - 6)?
-4
What is the value of -3 + (10 - (6 + -1))?
2
What is (1 - 3 - -1) + 3 + 2?
4
Calculate 1 - (1 - (-4 + 5)).
1
Evaluate 5 - (1 + 2 - 3).
5
What is (-2 - (-15 - -5)) + -5?
3
What is the value of (-3 - -5) + 5 + -5?
2
(-4 - 6) + 11 + -9
-8
What is the value of (7 + -4 - 7) + 4?
0
-2 + 3 - (26 + -23)
-2
Evaluate 0 - (-2 - -1) - -2.
3
What is the value of 1 + (25 - 11 - 7)?
8
-17 - -9 - (1 - 5)
-4
What is the value of 5 + 5 + -3 + 7 - 3?
11
-18 - -39 - 14 - (0 + 6)
1
Calculate 4 + -10 + 0 - -3.
-3
Calculate -3 + 7 + -3 + -4 + 2.
-1
What is the value of -3 + (-5 - -8 - (-3 - -1))?
2
What is (3 - 3) + 2 - (2 + -3)?
3
What is -3 - (2 - (2 + -3) - 5)?
-1
What is 12 - ((-9 - -25) + 5)?
-9
Calculate -4 - (-5 + -5 + -1 + 3).
4
Evaluate -2 + 6 + -7 + 1 + -1.
-3
What is the value of 5 + -4 + -8 + 8?
1
Calculate 0 - -5 - (2 - (2 + -4)).
1
Calculate -3 - -1 - -5 - -1.
4
What is the value of -3 + (-3 - (-1 + -9)) - 3?
1
Calculate (-2 - -2 - (-12 - -10)) + 1.
3
(4 - 3) + 1 + 0 + 2
4
Evaluate 3 + -10 - (-3 - 1).
-3
Evaluate -6 + 5 - (1 + (-1 - 1)).
0
3 + (0 - 0) + 1
4
Evaluate -5 - ((3 - 8) + 4).
-4
What is -2 + 1 + (5 - 8)?
-4
1 + -10 - (38 + -44)
-3
Calculate -1 - (-4 + 7 + 1).
-5
Evaluate (10 - 6) + (-2 - -3).
5
What is the value of 5 + (8 - (15 + -7))?
5
Calculate -1 - -2 - -2 - (-30 + 34).
-1
What is (6 - -2 - 0) + -5 + 0?
3
What is the value of (-24 - -12) + 11 + 2?
1
What is the value of 8 - (-20 - -29) - (-2 + 1)?
0
What is -31 + 27 + (12 - 1)?
7
What is the value of -1 + 3 + 30 + -38?
-6
What is the value of 1 - 4 - ((9 - 4) + -8)?
0
0 - -7 - (-18 + 19)
6
6 + -25 + 20 - (1 - -8)
-8
(-38 - -14) + 19 + (2 - -1)
-2
Calculate -3 - (3 - 7) - (3 - 1).
-1
3 - (3 + 0 - (-24 + 29))
5
Calculate 2 + (0 - 9) + (6 - 1).
-2
Calculate (-11 - (0 - 2)) + 4.
-5
What is (-1 - -3 - 1) + -1?
0
Evaluate (5 - 2 - 2) + -2.
-1
What is the value of (-6 + 10 - 6) + (-5 - -5)?
-2
What is the value of -7 + (26 + -6 - (4 - 0))?
9
2 + 4 + -4 + -1 - -5
6
-1 + ((2 - 3) + -2 - -1)
-3
What is 2 + -10 + 6 - 0?
-2
Evaluate 6 + (1 - 5 - (-5 - -3)).
4
-1 + (2 - 0) - (81 - 84)
4
3 - (0 - (-3 + -1)) - 3
-4
Calculate 0 + -2 + 1 + (-26 - -19).
-8
Evaluate (18 - 8) + -8 + 2 + 1.
5
Calculate -7 + 6 + -2 + 1 - -6.
4
10 + 6 + -9 - 9
-2
Evaluate 3 + -3 - 5 - -1.
-4
What is the value of 1 + 1 - (-16 + 27 - 9)?
0
Calculate (8 - 0) + 11 + (-8 - 6).
5
Calculate -4 + 8 + -4 + 6 + -6.
0
What is (14 - 25) + -4 + 13 + -3?
-5
What is (0 - (-9 - -3)) + -3?
3
Calculate (0 - -4) + -18 + 14.
0
Calculate 2 - (9 - (0 - -2)).
-5
2 + -5 + (4 - 10 - -6)
-3
What is (2 - 7) + 4 - -4?
3
Calculate -60 + 68 + 3 + -1.
10
Calculate 2 - -9 - (12 - 7).
6
-5 - (-6 + -1 + -2)
4
What is the value of 4 - (-7 - -13) - -4?
2
Evaluate 4 + (-2 + 0 - (-11 + 6)).
7
8 + -6 - (1 - -5)
-4
What is -2 - ((1 - 3) + 5 - 8)?
3
-5 + (-1 + 8 - (27 - 23))
-2
Calculate 2 - (-8 - (-15 + 6)).
1
What is the value of 20 - 20 - (1 + 3)?
-4
-5 - (-7 + 3 + 3)
-4
What is 6 + -5 - (24 + -22)?
-1
Calculate (-6 - (2 - 10)) + -8.
-6
Evaluate 5 - (1 + 0 - -5).
-1
Calculate (1 + -2 - -3) + -28 + 21.
-5
-6 - (50 + -45 - (1 + 0))
-10
What is -8 - (8 + -8 + -4)?
-4
Evaluate 14 + (-10 - (1 + 3)).
0
What is 2 + 1 + 4 + -12 + 9?
4
What is the value of 5 + -2 + 3 + -2?
4
What is the value of (4 - (4 + -3)) + 2?
5
What is the value of -2 + 14 - -3 - (-27 - -33)?
9
What is (-17 - -9) + 15 + -12?
-5
1 + 2 + (-3 - -7 - 5)
2
What is (-4 + 4 - -3) + -1 + 1?
3
What is -9 - -8 - (6 + -8)?
1
3 - 6 - (-3 + 2)
-2
What is the value of 6 + (-2 - (-2 - 0)) + -3?
3
What is -5 - 4 - (-9 + 1)?
-1
Evaluate (0 - 0) + (0 + 7 - 7).
0
-4 + -1 - (73 - 69)
-9
Calculate 121 + -119 - (-1 + 0 - 3).
6
Evaluate 6 + -2 + -5 + 2.
1
9 - 14 - (-1 - 2) - -2
0
What is (-2 - 1) + (-2 - (-1 + -5))?
1
Calculate (-4 - -3) + 1 + (1 - -1).
2
What is 8 - 0 - (-28 - -35)?
1
2 + (3 - -4) + -12
-3
-1 - (-3 - -2 - 1)
1
What is the value of -2 + -3 + (-2 - -7)?
0
1 + 0 - (38 + -42)
5
What is 0 - ((-4 - 0) + 1)?
3
Evaluate (-7 - (-17 + 7)) + 0.
3
Evaluate -3 - (3 - 5 - (-2 - -3)).
0
What is the value of 13 - 3 - (-4 - -4 - -6)?
4
What is (-10 - -2) + (13 - 0)?
5
Calculate -1 + (-3 - (1 + -3)) - 1.
-3
Evaluate (-24 - -27) + (7 - 2).
8
21 + -18 - (0 + -2 + 3)
2
What is the value of (-2 - (-8 - -3)) + -8?
-5
2 - ((-3 - -12) + -2)
-5
What is 4 + 5 - (3 - -2)?
4
Calculate -2 - ((2 - -2) + 0 + -5).
-1
What is 1 - 0 - -10 - (164 + -160)?
7
Calculate 1 + 1 - (-4 + 1 + 0).
5
Calculate (-3 + 9 - (0 + 2)) + -2.
2
What is the value of 3 + (2 - (0 + 0))?
5
Evaluate 0 - (-3 - (5 - 2 - 8)).
-2
-2 + 2 + (4 - 0) + -3
1
Evaluate 3 + -1 - (-2 - (-4 + -2)).
-2
What is the value of -6 + (10 - 6 - 2)?
-4
What is 1 + -1 + (0 - 12 - -9)?
-3
What is the value of -9 - -8 - (0 + 0) - 6?
-7
What is (-2 - 1 - 0) + (-34 - -39)?
2
-60 - -54 - (-3 + 0)
-3
What is the value of 5 + (0 + -4 - (4 + 0))?
-3
What is the value of (0 - (3 - (5 + 1))) + -6?
-3
38 - 39 - (0 + (-8 - -3))
4
4 + -4 + 2 + -2 + 1
1
What is the value of 0 - (-1 + 0 + 2 + -2)?
1
0 - (-1 - -3) - -1
-1
What is the value of 5 + ((-7 - -2) + -9 - -4)?
-5
Evaluate 32 + -29 + 1 + 1 + -5.
0
-1 + (-1 - 1) - 0
-3
Calculate -6 - 0 - (-8 - (12 + -22)).
-8
What is 3 + (-6 - (4 - 6))?
-1
Evaluate (6 - 1) + -2 + 0 + -1.
2
What is the value of -11 + 13 + (3 - -1 - 9)?
-3
What is the value of 5 - ((1 - -4) + -2)?
2
What is 1 + -1 + (-3 - (-1 - 1))?
-1
Calculate -14 - -4 - -13 - 11.
-8
Calculate -72 - -86 - (6 + -1).
9
Calculate -5 - (12 + -10 + 2).
-9
What is the value of (1 - (6 - 1)) + 5 - -1?
2
Evaluate 43 + -40 - (5 + 0).
-2
What is the value of (-2 - 3) + 1 + 3 + 3?
2
Calculate (15 - 12) + (-4 - -1).
0
What is the value of (7 - 8) + 2 + -1 + 1?
1
What is 0 - (10 + -2 - 4)?
-4
What is the value of -3 - (0 - 6 - 1)?
4
What is the value of -3 - (-1 - ((2 - 0) + -2))?
-2
-2 + -10 - (0 - 8)
-4
1 - (3 - ((3 - 4) + -2))
-5
What is the value of (7 - 9) + 3 + 1?
2
20 - 20 - ((0 - 6) + 2)
4
What is the value of 5 + -4 + -1 + 5 + 1?
6
What is the value of 2 - (-4 + 0 + 5)?
1
(-2 - (1 - 0 - 9)) + -6
0
Evaluate 3 + (3 - 4) + 4 + -3.
3
Calculate 7 - (-2 + 3 + (4 - 1)).
3
What is the value of 0 - -1 - (-17 + -9 + 21)?
6
What is the value of (2 - ((-5 - 2) + 12)) + 5?
2
What is the value of -5 + (7 - -4) + -2 + 2?
6
Calculate -4 - ((-9 - -10) + -1).
-4
(1 - (0 + -3)) + -6 - 4
-6
What is the value of 6 + -2 + -4 + -3?
-3
What is the value of -4 + (-5 - -10 - 5)?
-4
What is the value of -1 - (-2 + 5) - (6 - 18)?
8
0 + -3 - (-19 - -11)
5
(-4 - 0) + (-72 - -77)
1
Calculate (8 - (2 - 0)) + -13 + 9.
2
Calculate (-6 - -4) + -3 - (2 + -2).
-5
What is the value of 10 + 0 - (-3 - -11)?
2
-87 + 93 - (6 - -1)
-1
What is 1 + -15 + -3 + 8 - -4?
-5
(2 - 2) + 2 + -1 + 2
3
What is the value of -3 - (1 + -4 + (-15 - 